hat is the greatest common divisor of m and b?
5
Suppose -18*o = -13*o. Suppose -5*p + 439 - 124 = o. Calculate the greatest common factor of 7 and p.
7
Let q be 5/((-20)/16) - 2. Let i = q + 8. What is the greatest common factor of i and 16?
2
Let v = -344 + 359. Calculate the greatest common factor of 285 and v.
15
Let j(d) = -d**3 - 6*d**2 - 9*d + 2. Let i(p) = -4*p + 8. Let f be i(3). Let g be j(f). Calculate the greatest common divisor of 66 and g.
6
Suppose 0 = -4*i + 5*n + 361, 2*n - n = -3*i + 247. Calculate the greatest common factor of 468 and i.
12
Let p(f) = 4*f**2 - 8*f - 16. Suppose -4*n + 0 - 26 = 2*k, -23 = 4*n - k. Let h be p(n). What is the greatest common factor of h and 16?
16
Suppose 32*b + 336 = 46*b. What is the greatest common factor of 16 and b?
8
Suppose 9*f - 278 = 1234. Calculate the greatest common factor of f and 147.
21
Let z(u) = 62*u**2 + 26*u - 1. Let w be z(-6). Calculate the greatest common divisor of 83 and w.
83
Suppose -3*y - 6 = 6. Let d be (-41 + -9)*y/10. Let m = d + -12. Calculate the highest common divisor of m and 8.
8
Let a = 560 + -504. Calculate the highest common divisor of a and 8.
8
Let a be (2 + 1/(-1))*23. Suppose -a*d + 18*d = -80. What is the highest common divisor of 80 and d?
16
Let k(m) = 3*m + 16. Let g be k(-9). Let c(b) = b**3 + 10*b**2 - 17*b - 23. Let s be c(g). What is the greatest common factor of s and 43?
43
Suppose 20*w - 580 = -0*w. Let o be 33/(-2) + 2/(-4). Let l = o + w. Calculate the highest common factor of 30 and l.
6
Suppose -69*y + 70*y = -k + 47, 220 = 5*k + 2*y. Let q be 2/(-6) - 38/(-6). What is the greatest common divisor of q and k?
6
Let l = 6 - 4. Suppose s - 18 = -2*h + 2*s, 0 = -l*h + 2*s + 14. Let d = 862 - 861. What is the greatest common divisor of d and h?
1
Suppose -3*h + 49 = 5*u, 2*h - 2*u - 112 + 106 = 0. Suppose l = 3*l. Suppose l = -q + h + 8. Calculate the greatest common factor of 4 and q.
4
Suppose -5*w + 4*j = -16, -4*w - 4*j = -5*w. Suppose -5*i + 121 = -3*o - 19, 0 = -4*o. Calculate the highest common divisor of i and w.
4
Let t be 42/((-6)/(-120)*-14 - -1). Calculate the highest common factor of t and 100.
20
Let t = -6 + 7. Let g be t/(3/(-30)*-2). Let b be 33*-4*g/(-10). What is the greatest common factor of 6 and b?
6
Let a be 12*5/10 - (-2 - 87). Calculate the highest common divisor of 80 and a.
5
Suppose -2*t + 0*l = -4*l - 60, -t = l - 45. Let o be -8*3/(-648)*219 - 2/18. What is the highest common divisor of o and t?
8
Let z be 24/3 - 1/(-6)*6. Calculate the greatest common divisor of z and 117.
9
Suppose 0 = 3*d - 10 - 2. Suppose w = 2*k + d, -3*k + 57 = 3*w - 0*k. What is the highest common divisor of 2 and w?
2
Let t = -49 - -121. Calculate the greatest common factor of t and 96.
24
Let c(k) = 25*k**2 + k + 1. Let l be c(-1). Let i be (-2)/(-1 + 246/243). Let x = i - -387. Calculate the greatest common factor of l and x.
25
Suppose -37303 - 881 = -148*a. What is the greatest common divisor of a and 30?
6
Let o = 60 + -67. Let j(h) = -3*h - 5. Let i be j(o). Calculate the highest common factor of i and 32.
16
Let c(l) = l**3 - 14*l**2 - 48*l + 41. Let z be c(17). Calculate the greatest common factor of 506 and z.
46
Suppose -3*l - 4*o = -0*l - 20, -l - 2*o = -6. Suppose l*s - 378 = 5*s. Suppose -14 = 2*f - 3*f. What is the greatest common divisor of f and s?
14
Suppose -5 = 5*k, -5*v = -4*k + 48 + 18. Let r be (-438)/v - (-6)/(-21). Calculate the greatest common factor of 31 and r.
31
Let w = -9 - -13. Suppose -w*c = c - 665. Calculate the highest common factor of c and 19.
19
Let l = 1119 + 1537. Calculate the highest common factor of l and 83.
83
Let m = -40 + 42. Suppose -5*w + m = -28. Calculate the greatest common factor of 2 and w.
2
Let w be (638/(-87))/((-2)/243). What is the greatest common divisor of w and 54?
27
Let h = -1434 + 1526. What is the greatest common factor of h and 8?
4
Suppose -t + 26*x + 1 = 24*x, 2*t = -5*x + 38. Calculate the highest common divisor of t and 801.
9
Let o = 374 + -258. Let i = 182 - o. Suppose -5*r = 3*c - 135 - 73, 0 = -3*r - 2*c + 124. What is the greatest common divisor of i and r?
22
Let j be 22/(-55) - (-2 + (-46)/(-10)). Let q be ((1*-45)/(-3))/((-1)/j). What is the highest common divisor of q and 5?
5
Suppose -5*k + 6 = 3*m - 16, 0 = -2*k + 2*m + 12. Suppose v - k*z = 0, -7 = 3*v - 5*z - 17. Calculate the greatest common divisor of v and 40.
5
Let o(s) = -s - 2. Let y be o(-3). Let h be 4/12*3 - (y - 38). Calculate the highest common divisor of 304 and h.
38
Let m = -258 + 318. What is the highest common divisor of m and 1860?
60
Let p be (9/(-6))/(15/(-20)). Let u(z) = 6 + p*z - 6 - 1. Let y be u(2). Calculate the highest common divisor of 12 and y.
3
Suppose -s - 3*s - 168 = 0. Let b = -21 - s. Suppose 44*u = 68*u - 168. Calculate the highest common divisor of u and b.
7
Let o(u) = -8*u + 15. Let x be o(5). Let a be (-2)/(-2) + -1 - x. Let h = -3 + 8. Calculate the highest common factor of a and h.
5
Let m = 19 - 15. Let t = 16 - m. Let o be -3*((-476)/t - 0). What is the greatest common divisor of 17 and o?
17
Suppose -14*l + 13*l = -18. What is the highest common factor of 2 and l?
2
Let r = -293 + 316. What is the greatest common factor of 69 and r?
23
Let l(x) = -24*x**2 + 1. Let v be l(-2). Let t = 71 + -118. Let r = t - v. What is the highest common factor of 120 and r?
24
Let w(t) = -2*t**3 + 2*t**2 + 73*t + 4. Let b be w(6). What is the greatest common factor of 779 and b?
41
Suppose -d + 23 = a - 21, 4*d - 5*a - 149 = 0. Calculate the highest common factor of 656 and d.
41
Suppose 22 = -y + h - 13, 0 = 5*h - 10. Let l = y + 68. What is the greatest common factor of 28 and l?
7
Let a(n) = n + 7. Let c be a(-3). Let i(t) = 48*t + 6. Let s be i(c). Calculate the highest common divisor of s and 22.
22
Let s = 72 - 61. Suppose 0 = s*p + 220 - 528. Calculate the highest common divisor of p and 42.
14
Let u = 269 + -159. Let a be -27*(4/10 + (-77)/105). Suppose -3*v = a - 39. What is the highest common factor of v and u?
10
Let s(b) = -b - 4. Let r be s(-2). Let n = -99 + 74. Let l be (r + 14)/(-4) - n. What is the greatest common divisor of l and 2?
2
Let b be 4/(-6) + 726/(-18). Let t = b - -104. What is the highest common factor of 21 and t?
21
Let n = 257 + 51. Calculate the greatest common divisor of n and 231.
77
Let j be 84/21 + (-1 - 3). Suppose -3*d - d + 8 = j. What is the highest common divisor of 3 and d?
1
Let x(m) = -m**2 + 8*m + 3. Let t be x(7). Suppose 11*c = t*c + 50. Calculate the greatest common factor of 10 and c.
10
Let c be ((-990)/(-24))/(6/32). Let x be 1256/64 + 3/8. What is the highest common divisor of c and x?
20
Suppose -4*l + 26 + 6 = 0. Suppose 0 = -x - 63 + 69. Suppose 4*n - 26 = x. Calculate the greatest common divisor of l and n.
8
Suppose -l - 3*v = -277 + 262, -2*l - 2*v = -34. Calculate the greatest common factor of l and 300.
6
Let k(f) = -5*f**2 - 1. Let u be k(-2). Let x = -11 - u. Calculate the highest common divisor of 70 and x.
10
Let j(k) = -k**2 - 8*k - 9. Let t be j(-6). Let a(v) = -v - 2. Let f be a(5). Let n be (1 + 0)/(35/f - -6). What is the greatest common factor of t and n?
1
Let a be (-2)/(-3) + 4/(-6). Let w(v) = 2*v - 91. Let i be w(a). Let b be (-5)/15 + i/(-3). Calculate the highest common divisor of 20 and b.
10
Let x = 710 - 520. What is the greatest common factor of 38 and x?
38
Let p be (-2)/16 + (20961/136 - 11). Suppose 2*a - 4*k - 32 = -2*a, -2*a = 5*k + 5. Suppose 0*o + 65 = a*o. What is the greatest common divisor of p and o?
13
Let w(z) = z**3 + 41*z**2 - 3*z - 70. Let b be w(-41). Calculate the greatest common divisor of 371 and b.
53
Suppose 0 = -5*u - 31 + 241. Calculate the greatest common divisor of u and 56.
14
Suppose -11*s - 2*l + 1940 = -10*s, 5*s = 3*l + 9726. Calculate the greatest common factor of 8 and s.
8
Let u(a) = a**3 - 5*a**2 + 8*a - 17. Let r be u(4). Let f(j) = -6*j**3 - 2*j**3 + 2*j**3. Let b be f(r). Calculate the highest common factor of b and 15.
3
Suppose 8*f = 12*f + v - 453, f - 123 = 3*v. What is the greatest common factor of f and 1539?
57
Let k be (3 + 2)*(-4)/10. Let u be (-5)/k - (-1)/2. Suppose -21 = -u*l - 6. What is the greatest common divisor of 5 and l?
5
Let q(x) = 2*x**2